he prime factors of 2005?
5, 401
List the prime factors of 73214.
2, 36607
What are the prime factors of 1456?
2, 7, 13
What are the prime factors of 2803?
2803
What are the prime factors of 13684?
2, 11, 311
What are the prime factors of 64688?
2, 13, 311
List the prime factors of 1610.
2, 5, 7, 23
List the prime factors of 41104.
2, 7, 367
What are the prime factors of 7605?
3, 5, 13
List the prime factors of 54128.
2, 17, 199
What are the prime factors of 17928?
2, 3, 83
What are the prime factors of 263?
263
List the prime factors of 5061.
3, 7, 241
List the prime factors of 12623.
13, 971
List the prime factors of 5525.
5, 13, 17
What are the prime factors of 15216?
2, 3, 317
List the prime factors of 20432.
2, 1277
What are the prime factors of 7672?
2, 7, 137
List the prime factors of 5696.
2, 89
What are the prime factors of 12779?
13, 983
List the prime factors of 4081.
7, 11, 53
List the prime factors of 28629.
3, 3181
What are the prime factors of 8134?
2, 7, 83
What are the prime factors of 3981?
3, 1327
What are the prime factors of 3615?
3, 5, 241
List the prime factors of 62511.
3, 67, 311
What are the prime factors of 9697?
9697
List the prime factors of 27649.
43, 643
What are the prime factors of 9607?
13, 739
What are the prime factors of 6558?
2, 3, 1093
List the prime factors of 663.
3, 13, 17
What are the prime factors of 76081?
76081
What are the prime factors of 932?
2, 233
List the prime factors of 36125.
5, 17
List the prime factors of 529.
23
List the prime factors of 2132.
2, 13, 41
List the prime factors of 46017.
3, 5113
List the prime factors of 2651.
11, 241
List the prime factors of 28533.
3, 9511
What are the prime factors of 21022?
2, 23, 457
What are the prime factors of 65584?
2, 4099
List the prime factors of 26303.
29, 907
List the prime factors of 1338.
2, 3, 223
List the prime factors of 357.
3, 7, 17
What are the prime factors of 1595?
5, 11, 29
What are the prime factors of 157632?
2, 3, 821
What are the prime factors of 7838?
2, 3919
List the prime factors of 8094.
2, 3, 19, 71
List the prime factors of 44238.
2, 3, 73, 101
What are the prime factors of 5777?
53, 109
List the prime factors of 1315.
5, 263
List the prime factors of 7179.
3, 2393
What are the prime factors of 320?
2, 5
What are the prime factors of 82?
2, 41
What are the prime factors of 913?
11, 83
What are the prime factors of 54?
2, 3
What are the prime factors of 348?
2, 3, 29
List the prime factors of 22135.
5, 19, 233
List the prime factors of 1313.
13, 101
List the prime factors of 1147.
31, 37
List the prime factors of 19038.
2, 3, 19, 167
List the prime factors of 15334.
2, 11, 17, 41
What are the prime factors of 97177?
97177
List the prime factors of 8460.
2, 3, 5, 47
What are the prime factors of 1174?
2, 587
List the prime factors of 234.
2, 3, 13
List the prime factors of 105651.
3, 7, 13, 43
List the prime factors of 66441.
3, 22147
What are the prime factors of 111471?
3, 73, 509
What are the prime factors of 48874?
2, 7, 3491
List the prime factors of 1847.
1847
List the prime factors of 1476.
2, 3, 41
What are the prime factors of 16800?
2, 3, 5, 7
List the prime factors of 1697.
1697
What are the prime factors of 673?
673
What are the prime factors of 184067?
13, 14159
What are the prime factors of 1029?
3, 7
What are the prime factors of 11483?
11483
What are the prime factors of 16?
2
List the prime factors of 3152.
2, 197
What are the prime factors of 54766?
2, 139, 197
List the prime factors of 4223.
41, 103
What are the prime factors of 31104?
2, 3
List the prime factors of 4121.
13, 317
What are the prime factors of 29652?
2, 3, 7, 353
What are the prime factors of 22142?
2, 11071
List the prime factors of 76.
2, 19
What are the prime factors of 4522?
2, 7, 17, 19
What are the prime factors of 151557?
3, 7, 1031
What are the prime factors of 7502?
2, 11, 31
What are the prime factors of 3177?
3, 353
List the prime factors of 40454.
2, 113, 179
What are the prime factors of 352?
2, 11
What are the prime factors of 1755?
3, 5, 13
What are the prime factors of 1735?
5, 347
List the prime factors of 2889.
3, 107
List the prime factors of 18032.
2, 7, 23
List the prime factors of 12683.
11, 1153
List the prime factors of 56139.
3, 18713
List the prime factors of 32780.
2, 5, 11, 149
List the prime factors of 51496.
2, 41, 157
What are the prime factors of 2747?
41, 67
What are the prime factors of 234?
2, 3, 13
List the prime factors of 964.
2, 241
What are the prime factors of 6252?
2, 3, 521
What are the prime factors of 83619?
3, 19, 163
List the prime factors of 3070.
2, 5, 307
List the prime factors of 9021.
3, 31, 97
What are the prime factors of 12059?
31, 389
List the prime factors of 1067.
11, 97
List the prime factors of 66015.
3, 5, 163
What are the prime factors of 29011?
67, 433
List the prime factors of 385.
5, 7, 11
What are the prime factors of 4385?
5, 877
List the prime factors of 18272.
2, 571
What are the prime factors of 1707?
3, 569
List the prime factors of 6146.
2, 7, 439
List the prime factors of 15490.
2, 5, 1549
What are the prime factors of 2085?
3, 5, 139
What are the prime factors of 1041?
3, 347
List the prime factors of 36432.
2, 3, 11, 23
What are the prime factors of 51149?
7, 7307
List the prime factors of 817.
19, 43
What are the prime factors of 7736?
2, 967
List the prime factors of 3196.
2, 17, 47
List the prime factors of 2185.
5, 19, 23
What are the prime factors of 443?
443
What are the prime factors of 7024?
2, 439
What are the prime factors of 587?
587
What are the prime factors of 64892?
2, 16223
List the prime factors of 361.
19
What are the prime factors of 5112?
2, 3, 71
List the prime factors of 3597.
3, 11, 109
List the prime factors of 189.
3, 7
What are the prime factors of 356?
2, 89
List the prime factors of 841.
29
List the prime factors of 1648.
2, 103
What are the prime factors of 4504?
2, 563
List the prime factors of 2347.
2347
List the prime factors of 3297.
3, 7, 157
List the prime factors of 5690.
2, 5, 569
What are the prime factors of 102581?
19, 5399
What are the prime factors of 119?
7, 17
List the prime factors of 60792.
2, 3, 17, 149
List the prime factors of 7546.
2, 7, 11
List the prime factors of 1194.
2, 3, 199
List the prime factors of 198.
2, 3, 11
What are the prime factors of 1895?
5, 379
What are the prime factors of 8912?
2, 557
List the prime factors of 8509.
67, 127
What are the prime factors of 811?
811
What are the prime factors of 23702?
2, 7, 1693
List the prime factors of 49144.
2, 6143
What are the prime factors of 324?
2, 3
What are the prime factors of 272?
2, 17
List the prime factors of 5063.
61, 83
What are the prime factors of 8004?
2, 3, 23, 29
What are the prime factors of 3571?
3571
What are the prime factors of 146706?
2, 3, 7, 499
What are the prime factors of 564?
2, 3, 47
List the prime factors of 570.
2, 3, 5, 19
What are the prime factors of 3276?
2, 3, 7, 13
List the prime factors of 16250.
2, 5, 13
List the prime factors of 1937.
13, 149
What are the prime factors of 1076?
2, 269
What are the prime factors of 7263?
3, 269
List the prime factors of 13867.
7, 283
List the prime factors of 1972.
2, 17, 29
List the prime factors of 2.
2
What are the prime factors of 26315?
5, 19, 277
What are the prime factors of 2180?
2, 5, 109
What are the prime factors of 889?
7, 127
What are the prime factors of 8435?
5, 7, 241
What are the prime factors of 53?
53
List the prime factors of 176.
2, 11
List the prime factors of 16966.
2, 17, 499
List the prime factors of 5457.
3, 17, 107
What are the prime factors of 7411?
7411
List the prime factors of 6467.
29, 223
What are the prime factors of 4673?
4673
What are the prime factors of 3035?
5, 607
List the prime factors of 13746.
2, 3, 29, 79
List the prime factors of 8932.
2, 7, 11, 29
List the prime factors of 26741.
11, 13, 17
What are the prime factors of 114200?
2, 5, 571
List the prime factors of 6952.
2, 11, 79
List the prime factors of 2865.
3, 5, 191
What are the prime factors of 13776?
2, 3, 7, 41
What are the prime factors of 107491?
17, 6323
What are the prime factors of 209?
11, 19
List the prime factors of 6191.
41, 151
What are the prime factors of 26957?
7, 385